ommon factor of 52 and 7920900.
52
Calculate the greatest common factor of 379879 and 99863.
37
Calculate the highest common factor of 3360412 and 7260.
484
What is the highest common factor of 2584760 and 1480?
40
What is the highest common divisor of 94027 and 25193705?
5531
What is the greatest common divisor of 1560 and 1704508?
52
What is the greatest common divisor of 1403984 and 98?
2
What is the highest common divisor of 383 and 438245069?
383
What is the highest common factor of 1824556 and 8361?
929
What is the greatest common factor of 19024120 and 468980?
3580
Calculate the highest common divisor of 1426 and 1231506.
62
Calculate the greatest common divisor of 13144 and 63842528.
424
Calculate the greatest common factor of 196098420 and 7.
7
Calculate the greatest common factor of 7388682 and 265753.
3743
Calculate the greatest common divisor of 4 and 9066868.
4
Calculate the greatest common divisor of 57260 and 3488770.
4090
Calculate the greatest common factor of 83189 and 48503.
41
What is the highest common factor of 3901 and 644784587?
3901
What is the greatest common factor of 6834 and 4696767?
201
Calculate the greatest common factor of 6777 and 27382343.
251
What is the greatest common divisor of 578 and 1445416738?
578
Calculate the greatest common divisor of 446 and 19146334.
446
Calculate the highest common divisor of 9840 and 22530.
30
Calculate the highest common factor of 22284 and 27406844.
2476
What is the highest common divisor of 157416 and 175009112?
7496
Calculate the greatest common divisor of 61673326 and 286.
286
What is the highest common factor of 735289335 and 495?
495
Calculate the highest common factor of 36 and 97672662.
18
Calculate the highest common factor of 57760 and 210080.
160
Calculate the highest common factor of 775 and 2177905.
155
Calculate the greatest common factor of 11484 and 4011396.
348
Calculate the highest common factor of 804840 and 10488.
456
What is the highest common factor of 1265 and 13831235?
55
Calculate the greatest common divisor of 2434693 and 1195.
239
What is the highest common divisor of 2508 and 991056?
132
Calculate the greatest common factor of 3051 and 43365897.
1017
Calculate the highest common divisor of 44647830 and 72.
18
Calculate the greatest common divisor of 198 and 3242547.
99
What is the highest common factor of 1333344 and 37281?
2193
Calculate the highest common divisor of 433363849 and 116.
29
What is the greatest common divisor of 21204 and 126768?
228
Calculate the highest common factor of 3168 and 984709440.
3168
Calculate the highest common factor of 220189909 and 131.
131
What is the greatest common factor of 15 and 113030676?
3
What is the greatest common factor of 48 and 13324392?
24
Calculate the greatest common divisor of 28 and 9984992.
4
Calculate the greatest common factor of 300 and 4093728.
12
What is the greatest common divisor of 515817 and 120879?
333
What is the greatest common factor of 226634 and 5745413?
2411
Calculate the highest common divisor of 973679135 and 15730.
7865
What is the greatest common factor of 26283799 and 97?
97
Calculate the highest common factor of 6741380 and 8.
4
Calculate the highest common factor of 1185899488 and 3008.
1504
Calculate the highest common divisor of 856117 and 15.
1
Calculate the highest common factor of 3050 and 15354310.
610
Calculate the greatest common divisor of 12031 and 14734.
53
What is the highest common factor of 4776168 and 21696?
24
Calculate the highest common factor of 720 and 22756824.
72
Calculate the greatest common divisor of 344 and 1152701.
43
What is the highest common divisor of 8038067 and 1114?
557
What is the highest common factor of 557671 and 7?
1
What is the greatest common factor of 6194 and 23174?
2
Calculate the greatest common factor of 9438 and 89366420.
286
Calculate the greatest common divisor of 29221964 and 496.
124
What is the highest common factor of 5287 and 9713936?
17
What is the highest common divisor of 1580 and 2009600420?
1580
Calculate the highest common factor of 728771747 and 1331.
1331
Calculate the highest common factor of 84255 and 19335.
15
Calculate the highest common factor of 13071696 and 744.
24
Calculate the highest common factor of 55 and 2434496240.
55
Calculate the highest common divisor of 502389 and 25622.
23
Calculate the greatest common divisor of 6987 and 962625.
51
What is the highest common factor of 10422200 and 24?
8
What is the greatest common divisor of 48067 and 2490325?
71
What is the highest common divisor of 19975 and 10763?
47
What is the highest common factor of 251628 and 231348?
156
Calculate the highest common divisor of 349940 and 53180.
20
Calculate the greatest common divisor of 103593495 and 805.
115
What is the greatest common divisor of 88 and 6353974?
22
Calculate the highest common divisor of 1367 and 100686385.
1367
Calculate the highest common factor of 24650194 and 106.
106
What is the greatest common factor of 2824 and 1414568?
8
Calculate the highest common divisor of 68050716 and 5136.
1284
What is the greatest common divisor of 8 and 75629?
1
What is the greatest common factor of 10270344 and 504?
168
Calculate the highest common factor of 154036 and 15224732.
388
What is the greatest common factor of 22161 and 39093?
249
What is the greatest common divisor of 1000221 and 66711?
111
Calculate the greatest common factor of 9635 and 4825208.
1927
Calculate the greatest common factor of 9798 and 487094.
46
Calculate the highest common divisor of 106 and 27401.
53
Calculate the highest common factor of 23991 and 511764.
33
Calculate the greatest common divisor of 1078190990 and 8716.
4358
What is the greatest common divisor of 245768418 and 1134?
1134
What is the greatest common factor of 8728209 and 1566?
27
Calculate the greatest common factor of 27869 and 3793067.
961
Calculate the greatest common factor of 6255 and 22670.
5
What is the greatest common divisor of 167200 and 17800?
200
Calculate the greatest common factor of 398882503 and 8057.
1151
Calculate the highest common divisor of 8404 and 149429232.
764
Calculate the highest common factor of 232 and 97216.
8
Calculate the highest common divisor of 51551230 and 5344.
334
What is the highest common divisor of 9568063 and 43583?
1063
What is the greatest common factor of 46890970 and 2030?
2030
What is the highest common factor of 9403963 and 1?
1
Calculate the greatest common factor of 2874765 and 190791.
129
What is the greatest common factor of 20910428 and 7?
7
Calculate the highest common divisor of 70930 and 1703550.
410
Calculate the highest common divisor of 32448 and 147743856.
8112
Calculate the highest common divisor of 76 and 390228.
4
Calculate the highest common factor of 20201402 and 52.
26
Calculate the highest common factor of 274234285 and 65.
65
Calculate the highest common divisor of 52308015 and 75.
15
What is the greatest common divisor of 185646729 and 549?
183
Calculate the highest common factor of 263770 and 96070.
130
What is the greatest common factor of 24063270 and 1785?
105
What is the highest common divisor of 889781360 and 2720?
1360
What is the highest common divisor of 394044 and 10164?
84
What is the greatest common divisor of 204 and 20772084?
12
Calculate the highest common factor of 678497 and 1552945.
1333
What is the highest common factor of 5512 and 607912?
8
Calculate the highest common factor of 44206716 and 10860.
2172
Calculate the highest common divisor of 190 and 7504540.
10
What is the highest common divisor of 347500 and 170692?
556
Calculate the highest common divisor of 10830 and 1985500.
3610
Calculate the greatest common divisor of 21322 and 5768.
14
What is the greatest common factor of 136 and 587630?
2
What is the highest common divisor of 20344 and 150?
2
Calculate the greatest common factor of 112500 and 972500.
2500
Calculate the greatest common divisor of 162664422 and 145.
29
Calculate the highest common factor of 41224068 and 10656.
1332
What is the greatest common factor of 1539273 and 819099?
3957
What is the highest common divisor of 280 and 230287792?
56
Calculate the highest common divisor of 200 and 4183350.
50
Calculate the highest common divisor of 2316 and 391464.
12
Wha